e highest common divisor of b and n?
14
Suppose -4*l + 300 = -143*d + 146*d, l = 3*d + 75. Calculate the highest common factor of 111 and l.
3
Let h(j) = -19*j - 26. Let u be h(-5). Suppose -u*g = -63*g. Suppose -4*r = 4*i - 128, g = -r - 2*r - 3. What is the highest common factor of 297 and i?
33
Suppose 4*t - 188 = 2*h, 90 = 5*t + 2*h - 136. Let p = -189 - -304. What is the greatest common factor of t and p?
23
Let g(n) = 43*n + 357. Let p be g(-12). Let w = p - -239. What is the highest common factor of w and 20?
20
Let f = -91 + 199. Suppose -4*p + 5*d + 43 = 0, -8*p + d + 59 = -3*p. Let g = p + 0. What is the highest common divisor of f and g?
12
Let t = -3644 - -4140. Calculate the highest common factor of t and 144.
16
Suppose c = 3*c + 182. Let b = c + 195. What is the greatest common factor of 8 and b?
8
Let k be (-20)/85 + (-24330)/(-85). What is the greatest common factor of 3289 and k?
143
Let i = -28311 - -50599. Calculate the greatest common factor of 56 and i.
56
Let i = 655 - 611. Let d be (11/(-4))/((-4)/16). What is the highest common divisor of d and i?
11
Let d(a) = 13*a**3 - 13*a**2 + 12*a + 5. Let b be d(4). Let z = b - 633. Let o(m) = m. Let n be o(4). Calculate the highest common divisor of z and n.
4
Suppose -5*u + 44 + 36 = 0. Let z be (4/(u/(-6)))/((-9)/222). Let s = -31 + z. What is the greatest common factor of 15 and s?
3
Let m(d) = 28*d + 1042. Let b be m(-36). Calculate the greatest common factor of b and 4267.
17
Suppose -149*a = -147*a - 4. Suppose a*b = 7*b + 2*n - 118, 2*b + n = 47. What is the highest common divisor of b and 84?
12
Suppose -358 - 286 = -3*m - s, 0 = 4*m - s - 847. Let t = m - 166. Let j = -58 + 105. What is the highest common divisor of t and j?
47
Suppose 0*f - 2*f = -3*i + 1, -15 = -5*i. Let w be f/(-8)*2*-10. Let c be w/7 - (-3)/(63/12). What is the highest common divisor of c and 22?
2
Suppose -2*s + 9059 = -3*n, 2*s + 3*n = 5*s - 13584. Calculate the greatest common divisor of 75 and s.
25
Let z = -3878 + 4486. Calculate the highest common factor of z and 380.
76
Let d(o) = 156*o - 557. Let r be d(19). Calculate the highest common factor of 332 and r.
83
Let a(q) be the first derivative of -7 - 3/2*q**2 + 2*q + 5/3*q**3. Let r be a(2). Calculate the greatest common divisor of 16 and r.
16
Let n be (-1116)/744 + 1142/8*2. Calculate the highest common divisor of 497 and n.
71
Let w be 22*1*3/6. Let c = 2416 + -2097. Calculate the greatest common divisor of w and c.
11
Let l(m) = 71*m + 6. Let t be l(-1). Let w be (-33 - t) + (-3)/1. What is the greatest common factor of 87 and w?
29
Suppose -a = 3*l - 17, 2*a + 3 = 6*a - l. Suppose 52 - 180 = -3*u - p, 72 = 2*u - a*p. Calculate the highest common divisor of 492 and u.
41
Suppose -769 - 701 = -3*t. Let a = 82510 - 82500. Calculate the highest common factor of a and t.
10
Suppose 3*m = 4*l + 4 - 349, -4*l = 5*m + 607. Let v = m - -161. What is the highest common divisor of 6 and v?
6
Let r(u) = 5*u**3 + 2*u**2 - 5*u + 3. Let h be r(-3). Let l = h + 127. Suppose -6*p + 112 = l. What is the greatest common factor of p and 35?
7
Let c(p) = -14*p + 4. Let l be c(-1). Let n(u) = u**3 - 4*u**2 - 7*u + 4. Let b be n(6). Suppose -2*d = -l - b. What is the highest common factor of 2 and d?
2
Let o = -14295 - -20188. Calculate the greatest common divisor of o and 71.
71
Let j = -24220 - -24285. What is the greatest common divisor of 31265 and j?
65
Let l(m) = 241*m + 1026. Let k be l(-4). Calculate the greatest common factor of 5 and k.
1
Let i(a) = a**2 - 78*a + 1315. Let j be i(23). Suppose 84 = 3*k + 3*o, -2*k - k - 2*o = -86. Calculate the greatest common factor of k and j.
10
Let c = -1359 - -1590. Suppose -5*a = 20, 0 = 2*m + a + 2*a - 54. Calculate the greatest common divisor of c and m.
33
Let k = -18 + 29. Let x = k - -12. Let u be 178 - ((4 - 6) + -4). Calculate the greatest common factor of x and u.
23
Let q be (-23)/(60/240 + 462/(-1816)). What is the highest common divisor of q and 46?
23
Suppose -3*q - q = -168. Let r(b) = 18*b + 348. Let l be r(-18). What is the highest common factor of q and l?
6
Let v(y) = y**3 + 108*y**2 + 213*y + 2486. Let p be v(-106). What is the highest common factor of 175 and p?
35
Suppose -13*p - 14*p - 14*p = -6765. What is the highest common factor of p and 11055?
165
Let h = 106 - 51. Suppose 0 = 3*n + q - 18, 2*n = -n - 2*q + 21. Let i be (3 - (17 + -5)) + n - -37. Calculate the greatest common factor of h and i.
11
Let o be ((-82)/8)/((-2)/8). Let a be 10/12 + 130/(-156). Suppose 0 = -2*b - 2, -9*c + 5*c - 4*b + 1800 = a. What is the greatest common factor of c and o?
41
Let g be (-2)/10 + (2 - 4/5). Let m be (g + 2)/(1 - 0/(-2)). Let i be -9*(2 + 16/(-6)). Calculate the highest common divisor of i and m.
3
Let r(z) = z**2 - 9*z - 1. Let f be r(8). Let m(v) = v**3 + 9*v**2 + v + 1. Let j be m(f). Let w = 48 + j. What is the greatest common divisor of 10 and w?
10
Suppose -2*x - 2*l + 22 = 0, -4*x + 58 = -l + 4. Suppose x*s + 75 - 465 = 0. Calculate the highest common factor of s and 150.
30
Let q(k) = -7*k + 21. Let r(v) = v + 1. Let o(s) = -q(s) - 5*r(s). Let c be o(14). Let a be (c + (-2 - 1))*-5. Calculate the greatest common factor of a and 1.
1
Let j(a) = a**2 - 2*a + 5. Let y be j(7). Let d(f) = f**3 - 34*f**2 + 14*f + 657. Let z be d(33). Calculate the greatest common factor of y and z.
10
Let y be ((-315)/(-285) + (8/(-76) - 0))*14. Calculate the greatest common divisor of y and 161.
7
Suppose 5*m = m + 12. Suppose 7*s + 16 = 3*s + m*b, 9 = 3*s + 3*b. Let w(t) = 29*t**2 + 4*t + 2. Let r be w(s). Calculate the highest common factor of 9 and r.
9
Let z be 7882/98 + 1*(-12)/28. Let x = -3 + 2. Let f be -2 - x - 21*-1. What is the highest common factor of z and f?
20
Let a = -34 + 38. Let y be a*44 + (11 - 7) + 0. What is the highest common factor of 48 and y?
12
Let c(b) = -240*b + 33. Let q(d) = -d + 2. Let g(n) = -c(n) + 9*q(n). Let l be g(1). Calculate the greatest common divisor of 8 and l.
8
Suppose 112*z = 107*z + 3*o + 61, 6*o + 66 = 3*z. What is the greatest common factor of z and 3084?
4
Let s be -57 + 8 + (-80)/5. Suppose 2*g = 6*g + 872. Let l = s - g. What is the greatest common factor of l and 17?
17
Suppose 116 = 4*x - z, 6*z = z + 20. Suppose 28*f + 12 = 26*f. Let k = x + f. What is the greatest common divisor of k and 24?
24
Let n(f) = 3*f - 42. Let y be n(24). Suppose g - y = -4*g. Suppose 3*w + 18 = 3*p, -g*p + 2*w + 1 = -5*p. What is the highest common factor of 55 and p?
11
Let q be -1*(7 - 114) - 7. Suppose z + 2*u - q = 0, -15*z = -17*z - 2*u + 198. Calculate the greatest common divisor of 28 and z.
14
Let s = 10839 - 10831. Let t(p) = p**3 + 12*p**2 + 10*p - 1. Let i be t(-9). What is the greatest common divisor of s and i?
8
Suppose -35*q = 37*q + 81*q - 11934. Let n(c) = 6*c**2 + 2. Let k be n(-2). Calculate the highest common divisor of k and q.
26
Suppose -4*a - 173*w + 704 = -176*w, 5*a = -2*w + 880. Calculate the highest common factor of 2651 and a.
11
Suppose -67*k + j = -66*k - 478, -4*k - 3*j = -1926. What is the highest common factor of 768 and k?
96
Let g(c) = -25*c - 12*c - 3 + 4 - 3. Let t be g(-2). Let i be (-182)/(-20) + (-95)/950. What is the greatest common factor of t and i?
9
Let n(l) = 8 + 6 - 2 - 9*l + 11*l. Let q be n(-5). Let b be (-2 - -1)/((-5)/30*3). Calculate the highest common factor of b and q.
2
Let q = 47 - 31. Suppose -21*j - 7998 = -52*j. Let a = j - q. What is the greatest common factor of a and 22?
22
Suppose -4*a + 348 = -2*a - 5*y, 0 = 3*a + 4*y - 568. Suppose 2460 = 24*s - 1404. What is the greatest common divisor of a and s?
23
Suppose 5*q + 4*x = -86, q + 4*x + 4 = -26. Let b(g) = 29 + 2*g + 0*g - g. Let k be b(q). Calculate the greatest common factor of 30 and k.
15
Let i(u) = u**2 + 6*u - 7. Let d = 21 - 31. Let v be i(d). Let s be (-1)/(129/v + -4). Calculate the greatest common factor of s and 88.
11
Suppose -4*m = 795 + 41. Let d = -206 - m. What is the greatest common factor of d and 96?
3
Suppose -15*t - 4*q = -20*t + 7, -16 = t + 5*q. Let h be t/((-152)/(-16)) + 838/19. What is the highest common divisor of 308 and h?
44
Let v = 208 - -212. Suppose 8*h - v = 4*h. Suppose -h = -9*c + 4*c. What is the greatest common factor o